)/(1/x)*2. Calculate k(p).
15
Let u be (45/20)/(3/8). Suppose 118 + 476 = u*o. Let t = -96 + o. Let p(i) = -3*i + 3. Determine p(t).
-6
Let c(s) = 5*s**3 - 5*s**2 + 7*s - 38. Let z(b) = 17*b**3 - 14*b**2 + 22*b - 115. Let l(j) = 7*c(j) - 2*z(j). Give l(7).
-1
Let m(d) = d**2 + 5*d - 6. Let h(n) = -n**3 - 8*n**2 - 3. Let c be h(-8). Let r be (-3)/(-5)*(c + 56/7). Let k be -4 + 1/(r/(-12)*2). Determine m(k).
0
Let z(b) = 9*b + 21. Let h be (-1056)/(-330) + (-3)/15. Give z(h).
48
Let q(b) = 72 + 106 + b**2 - 297*b + 0*b**2 - 326*b + 662*b. What is q(-34)?
8
Let f(x) = x**2 - 3*x + 5. Let d = 74 - 73. Let b be -28*d/(-10) - (-2)/10. Give f(b).
5
Let y(a) = 14*a + 13. Let p = 4115 - 4116. Calculate y(p).
-1
Let l(f) be the third derivative of f**6/120 - 17*f**5/60 + f**3/3 + f**2 - 13. Give l(17).
2
Let n(q) = -q + 12. Let r be n(15). Let t(d) = 2*d**2 + 2*d. Let a(s) = -2*s + s**2 + 2*s. Let m(p) = r*a(p) + t(p). What is m(1)?
1
Let f(b) be the second derivative of 4*b**3/3 - 171*b**2/2 + 693*b. Calculate f(22).
5
Let l = 354 + -345. Let x(a) = 328*a**2 - l*a - 326*a**2 - 1 - 2. Determine x(4).
-7
Let k(d) = -21*d**2 - d + 1. Suppose -5*b + 450 + 50 = 0. Let g be b/850 - (-15)/17. Determine k(g).
-21
Let n(v) = -6*v**2 - 24*v - 1. Suppose 3*c + 4*x = 5, -2*c - 68*x - 35 = -73*x. Give n(c).
-31
Let s(o) = -11*o**2 + 20*o + 297. Let p(u) = -49*u**2 + 78*u + 1189. Let h(n) = 2*p(n) - 9*s(n). Calculate h(33).
2
Let p(a) = a**2 - 6*a - 13. Let f(o) = -21*o - 56. Let b be f(-3). Let t be p(b). Let k(j) = -j**2 - 2*j - 6. Calculate k(t).
-30
Suppose -19 = -4*r + 69. Let p = -18 + r. Let a(f) = -f - 2. What is a(p)?
-6
Let n(q) = 3*q - 5*q + 8*q**2 - 2*q**3 - 4*q + q**3 + 2. Let u = 1060 + -1053. Calculate n(u).
9
Suppose 5*s - 96 = 2*s. Suppose -p = p + 6, 4*g + s = -4*p. Let w(n) = -147278*n**3 + 0*n**2 + 5 - 4*n**2 + 6*n + 147277*n**3. Calculate w(g).
0
Suppose -13*p = -23*p + 60. Let c(s) = -10*s + 59. Give c(p).
-1
Suppose -6 = -0*p + p + 3*f, -p = 4*f + 10. Let a(s) = 8 - 10 + s**3 + p - s - 4*s**2 - 6*s**2. Let h be 1 - 9*(-4 - -3). Calculate a(h).
-6
Let m(t) = -6*t + 11. Let d(u) = 7*u - 12. Let y be (-5 - (-16)/4) + 0 + 60. Let v = -64 + y. Let b(x) = v*d(x) - 6*m(x). Give b(8).
2
Let d(o) = o + 14. Let i(h) = -2*h - 18. Let j be i(-8). Let z be d(j). Suppose 3*t - z = 2*k, -5*t = -2*t. Let b(a) = -a**2 - 3*a - 6. Determine b(k).
-24
Let k(y) be the first derivative of -5*y**2/2 - 2*y - 30802. Suppose 4*t = 3*t - 4. Calculate k(t).
18
Let x(u) = -12*u + 13 + 20*u - 12*u - 18*u + 4*u. What is x(3)?
-41
Let k(d) = -d + 1. Let a be k(-7). Suppose -32 = -3*l - a. Let g(s) = s**2 - s. Let n(t) = 2*t**2 + 5*t + 7. Let u(o) = 3*g(o) - n(o). Calculate u(l).
-7
Let o(a) be the second derivative of a**5/20 + 3*a**4/4 + 3*a**2 + 19*a - 2. Suppose 5*h + 55 = 10. What is o(h)?
6
Let t = 103 - 101. Let h(m) = 5*m - 6. Let s be h(t). Let q(b) = -7 - 4 - 7 - b + s. Calculate q(0).
-14
Let y(s) = -32*s**2 + 65*s + 123. Let t(q) = -9*q**2 + 20*q + 41. Let u(w) = 7*t(w) - 2*y(w). What is u(-5)?
16
Suppose 45*g + 20*g - 553 + 98 = 0. Let p(j) = j**2 - 20*j + 20. Determine p(g).
-71
Let l(z) be the third derivative of z**5/12 + z**4/6 + z**3/6 + 1142*z**2. Calculate l(-3).
34
Let y(b) be the first derivative of -b**3/2 - 2*b**2 - 4*b - 1. Let i(h) be the first derivative of y(h). Let t be (-2)/(-13) - (-4469)/(-1417). Determine i(t).
5
Let u(k) = -3*k**3 - 25*k**2 + 49*k + 29. Let q(s) = -5*s**3 - 50*s**2 + 97*s + 57. Let h(c) = 4*q(c) - 7*u(c). Let m be 26/6*19665/3705. Give h(m).
2
Let z be (39 - 40)/(3/54*-2). Let d(x) = 3*x**2 - 24*x + 13. Let r(a) = -a**2 + 8*a - 5. Let u(v) = 4*d(v) + 11*r(v). Calculate u(z).
6
Let j(g) = g**3 + 10*g**2 - 11*g + 3. Let p(l) = -l + 24. Let z be p(22). Suppose -3*h - b = 37, 3*b + 34 = -4*h + z*h. Calculate j(h).
3
Suppose 27*r = 28*r + 2*j + 5, -4*j = r + 13. Let w(f) = -19*f**3 + 20*f**r + 33 - 7*f**2 - 42 - 7*f. Determine w(8).
-1
Suppose 301*n = 101*n + 400. Let s(v) = 16*v + 15. What is s(n)?
47
Suppose -3 = -9*q + 42. Suppose 0 = w - 5*x - 28, 8*w - q*x = 3*w + 40. Let p(f) be the second derivative of f**4/12 - 4*f**3/3 + 2*f**2 + 2*f. Determine p(w).
-11
Let p(g) = g**2 + 3*g - 6. Suppose -k - 4*k = -b + 33, k + 12 = 2*b. Let a be p(k). Suppose 4*s + 2*v - a = 3*v, 5*s - 26 = 4*v. Let r(n) = 3*n + 2. Give r(s).
8
Let t(d) be the second derivative of d**4/12 + 2*d**3/3 - 5*d**2/2 - 3278*d. Suppose 0 = -2*u + 3*u + 13. Let g = 8 + u. Calculate t(g).
0
Let k(l) be the second derivative of -l**5/20 - 3*l**4/4 - 4*l**3/3 + 4*l**2 - 2*l - 1493. Give k(-7).
-34
Let w(d) = -30*d - 181. Let r be w(3). Let y = -272 - r. Let m(l) be the third derivative of l**5/60 + l**3/6 + l**2. Calculate m(y).
2
Let s(a) = -4*a**3 - a**2 + 3*a + 4. Let g be s(-1). Suppose -k - 2 = -4*t, 5*t - g = t. Let j(b) = -2*b**2 + 5*b**2 + 2*b + 7*b - 16 - 2*b**k. What is j(-11)?
6
Let w(o) = 2*o**2 - 2*o + 3. Let f = -20 - -109. Let h = 90 - f. Let r(k) = 2*k**2 + 4*k - 3. Let s be r(h). Determine w(s).
15
Suppose -790 = -12*m - 190. Suppose 0 = -10*z - 10 - m. Let i(r) = -16*r**2 - 4 + 24*r**2 - r**3 - 13*r**2 + 4*r. Determine i(z).
8
Let m(v) = -82*v + 167*v - 97*v + 5. Give m(1).
-7
Suppose -7*f - 2 = -5*f. Let i(k) = -23*k - 3. Let s(y) = -45*y - 7. Let l(o) = 9*i(o) - 4*s(o). Calculate l(f).
28
Let z(r) be the second derivative of -11*r**5/120 - r**4/24 + 31*r**3/6 - 75*r. Let j(n) be the second derivative of z(n). Determine j(-1).
10
Let d(a) = 3*a + 2. Let c(j) = 908 - 452 - 451 + 7*j. Let q(f) = -2*c(f) + 5*d(f). Suppose 0 = -n + 5*n + 12. What is q(n)?
-3
Suppose -5*a = -780 - 1630. Suppose a*k - 474*k = -8. Let j(v) = 17*v**3 - v**2 - v. Calculate j(k).
-17
Let c(f) = -2*f**3 + 35*f**2 - 17*f + 5. Let a be c(17). Let k(s) = s**2 - 3*s - 3. Let w(m) = 2*m**2 - 5*m - 7. Let t(u) = -9*k(u) + 4*w(u). What is t(a)?
9
Let b(w) = -w**2 - 3*w + 17. Let a(d) = -2*d**2 + 67*d - 131. Let c be a(2). What is b(c)?
7
Let c(a) be the second derivative of -a**5/10 + a**4/4 - a**3/3 - 3*a**2/2 + 10*a. Suppose 0 = -0*v + 19*v - 57. What is c(v)?
-36
Let p(h) = -2*h**3 - 3*h**2 - 5*h - 3. Suppose 0 = 4*m + 5*l - 1, 4*m + 179 - 174 = l. What is p(m)?
1
Suppose 3*t = t. Let i(c) = 37 + c**2 + 31 - 6*c**2 + 6*c**2 - 59 - c**3 - c. What is i(t)?
9
Let t(n) = 0 + 98*n - 3 + 4 - 99*n. Suppose 0 = -22*p + 24*p - 8. Suppose a - p = 3. Give t(a).
-6
Suppose 245 = -4*z + 257, -2*n + z = 31. Let m(r) = -6*r**2 - 80*r + 54. Give m(n).
-2
Let k be 7 - 45/(-10)*(-32)/48 - 6. Let c(n) = n**3 - 3*n - 2 + 5*n - n. Calculate c(k).
-12
Let l be -8 + 2/4*4. Let h(w) be the second derivative of -w**5/20 - w**4/2 - w**3/2 - 9*w**2/2 + 296*w. What is h(l)?
9
Let a(f) = 21*f**3 + 7*f**2 - 12*f - 11. Let o(t) = 31*t**3 + 8*t**2 - 13*t - 12. Let q(u) = 3*a(u) - 2*o(u). Give q(-6).
15
Suppose -4*i + 2*i + 8 = 0. Suppose -a = 5*h - h - 13, 9 = 2*h + a. Let d(m) = -7*m + 95*m**2 - 195*m**2 + 101*m**h + 5. Determine d(i).
-7
Let l(j) = 3*j + 9. Let z(i) = -18*i**2 + 10*i - 4. Let o be z(4). Let w = o - -248. Calculate l(w).
-3
Let t(x) be the third derivative of x**9/15120 - x**7/5040 + 7*x**5/60 + 2*x**2 + 11. Let w(r) be the third derivative of t(r). Calculate w(1).
3
Let a(k) = -7*k**2 - 9*k - 148 + 52 + k**3 + 45 + 50. Calculate a(8).
-9
Let x = -2660/11 + 8035/33. Let m(i) be the second derivative of 0 - x*i**3 + 0*i**2 + 5*i. What is m(-1)?
10
Let o(g) be the first derivative of -2*g**3/3 + 15*g**2/2 - 21*g - 140. Let c be o(5). Let q(k) = k - 4. Give q(c).
0
Let q(s) = -10*s - 126. Let t be q(9). Let k = t + 220. Let w(y) = -2*y**2 - 2*y**2 + y**3 - 2 - 1 + y. Calculate w(k).
1
Let w(d) be the second derivative of -d**6/720 - d**5/120 - 37*d**4/6 - 7*d - 1. Let i(r) be the third derivative of w(r). What is i(2)?
-3
Let t(m) = -6*m**2 - 162*m - 11. Suppose -458*v + 208*v - 6750 = 0. What is t(v)?
-11
Let a be ((-640)/15)/8*(-5 - 1). Suppose -a = -6*v - 26. Let g(y) = 20*y + 2. Let w(i) = i + 1. Let s(j) = -g(j) + w(j). What is s(v)?
-20
Let a be (2/7)/(0 - (-3)/63). Suppose -4*u + 5*k = -1 - 2, 5*u + 2*k = 12. Let r(m) = -a + 614*m**2 - 9*m - 613*m**2 + u*m. Give r(6).
-12
Let t(i) = 15*i - 91. Let p(k) = 157*k + 3460. Let u be p(-22). Determine t(u).
-1
Let m = -36 + 32. Let s be 1/